nds digit of 17134?
1
What is the units digit of 6642?
2
What is the ten thousands digit of 21092?
2
What is the tens digit of 8065?
6
What is the tens digit of 489?
8
What is the tens digit of 26743?
4
What is the tens digit of 1150?
5
What is the tens digit of 117479?
7
What is the units digit of 525?
5
What is the tens digit of 1432?
3
What is the hundreds digit of 5564?
5
What is the thousands digit of 3076?
3
What is the ten thousands digit of 13355?
1
What is the hundreds digit of 2593?
5
What is the ten thousands digit of 23931?
2
What is the tens digit of 1158?
5
What is the thousands digit of 1989?
1
What is the units digit of 67442?
2
What is the tens digit of 4115?
1
What is the hundreds digit of 31588?
5
What is the thousands digit of 6528?
6
What is the tens digit of 4155?
5
What is the units digit of 2200?
0
What is the thousands digit of 25448?
5
What is the ten thousands digit of 53212?
5
What is the thousands digit of 1532?
1
What is the tens digit of 1607?
0
What is the ten thousands digit of 20947?
2
What is the tens digit of 1494?
9
What is the units digit of 10794?
4
What is the hundreds digit of 29634?
6
What is the tens digit of 36941?
4
What is the units digit of 3539?
9
What is the thousands digit of 32260?
2
What is the thousands digit of 3098?
3
What is the units digit of 47178?
8
What is the thousands digit of 3422?
3
What is the tens digit of 6413?
1
What is the ten thousands digit of 15205?
1
What is the units digit of 247?
7
What is the tens digit of 3673?
7
What is the hundreds digit of 11227?
2
What is the hundreds digit of 3015?
0
What is the units digit of 120?
0
What is the units digit of 35729?
9
What is the tens digit of 1134?
3
What is the tens digit of 1685?
8
What is the units digit of 2506?
6
What is the tens digit of 5428?
2
What is the tens digit of 28293?
9
What is the tens digit of 5005?
0
What is the units digit of 1429?
9
What is the ten thousands digit of 13112?
1
What is the ten thousands digit of 60843?
6
What is the tens digit of 49010?
1
What is the hundreds digit of 171?
1
What is the hundreds digit of 492?
4
What is the tens digit of 896?
9
What is the tens digit of 1778?
7
What is the hundreds digit of 1165?
1
What is the tens digit of 12170?
7
What is the tens digit of 59521?
2
What is the units digit of 3454?
4
What is the ten thousands digit of 92141?
9
What is the hundreds digit of 390?
3
What is the ten thousands digit of 20864?
2
What is the units digit of 1614?
4
What is the thousands digit of 1600?
1
What is the tens digit of 1882?
8
What is the units digit of 41382?
2
What is the tens digit of 399?
9
What is the units digit of 1202?
2
What is the units digit of 116653?
3
What is the hundreds digit of 29585?
5
What is the tens digit of 4852?
5
What is the hundreds digit of 164376?
3
What is the hundreds digit of 671?
6
What is the tens digit of 5098?
9
What is the tens digit of 4743?
4
What is the thousands digit of 147478?
7
What is the tens digit of 104?
0
What is the units digit of 3442?
2
What is the hundred thousands digit of 111182?
1
What is the units digit of 36070?
0
What is the ten thousands digit of 49347?
4
What is the units digit of 165?
5
What is the units digit of 793?
3
What is the hundreds digit of 276?
2
What is the thousands digit of 1286?
1
What is the units digit of 105352?
2
What is the units digit of 1074?
4
What is the hundred thousands digit of 144653?
1
What is the tens digit of 1406?
0
What is the thousands digit of 8355?
8
What is the units digit of 9108?
8
What is the thousands digit of 1032?
1
What is the tens digit of 53264?
6
What is the hundreds digit of 1638?
6
What is the tens digit of 4741?
4
What is the tens digit of 7001?
0
What is the hundreds digit of 31017?
0
What is the tens digit of 105003?
0
What is the hundreds digit of 29372?
3
What is the tens digit of 39?
3
What is the hundreds digit of 12003?
0
What is the tens digit of 12392?
9
What is the thousands digit of 8701?
8
What is the thousands digit of 5513?
5
What is the tens digit of 5763?
6
What is the thousands digit of 21220?
1
What is the units digit of 17006?
6
What is the hundreds digit of 1030?
0
What is the thousands digit of 6702?
6
What is the hundreds digit of 1832?
8
What is the hundreds digit of 670?
6
What is the tens digit of 7155?
5
What is the tens digit of 63042?
4
What is the tens digit of 361?
6
What is the thousands digit of 14053?
4
What is the thousands digit of 1511?
1
What is the tens digit of 249?
4
What is the hundreds digit of 53359?
3
What is the hundreds digit of 91503?
5
What is the thousands digit of 2865?
2
What is the units digit of 405?
5
What is the ten thousands digit of 14542?
1
What is the units digit of 842?
2
What is the thousands digit of 4496?
4
What is the tens digit of 995?
9
What is the units digit of 104475?
5
What is the tens digit of 31383?
8
What is the units digit of 648?
8
What is the tens digit of 10485?
8
What is the tens digit of 770?
7
What is the thousands digit of 99038?
9
What is the tens digit of 67244?
4
What is the thousands digit of 2749?
2
What is the units digit of 57?
7
What is the thousands digit of 3541?
3
What is the hundreds digit of 29915?
9
What is the hundreds digit of 327?
3
What is the units digit of 12328?
8
What is the thousands digit of 50738?
0
What is the thousands digit of 11747?
1
What is the thousands digit of 1977?
1
What is the thousands digit of 2812?
2
What is the hundreds digit of 7464?
4
What is the ten thousands digit of 82932?
8
What is the tens digit of 4187?
8
What is the hundred thousands digit of 138701?
1
What is the hundreds digit of 87770?
7
What is the units digit of 986?
6
What is the tens digit of 13472?
7
What is the hundreds digit of 447?
4
What is the thousands digit of 4934?
4
What is the tens digit of 18033?
3
What is the hundreds digit of 3326?
3
What is the units digit of 16254?
4
What is the hundreds digit of 4693?
6
What is the thousands digit of 5129?
5
What is the tens digit of 3556?
5
What is the ten thousands digit of 36474?
3
What is the hundreds digit of 198053?
0
What is the thousands digit of 1050?
1
What is the units digit of 821?
1
What is the hundreds digit of 622?
6
What is the hundreds digit of 34418?
4
What is the thousands digit of 5575?
5
What is the thousands digit of 3990?
3
What is the hundreds digit of 5670?
6
What is the tens digit of 3238?
3
What is the units digit of 28134?
4
What is the units digit of 12303?
3
What is the units digit of 3982?
2
What is the tens digit of 196?
9
What is the hundreds digit of 1056?
0
What is the units digit of 17116?
6
What is the tens digit of 2181?
8
What is the units digit of 6101?
1
What is the tens digit of 34946?
4
What is the thousands digit of 10212?
0
What is the hundreds digit of 7081?
0
What is the thousands digit of 18322?
8
What is the thousands digit of 7396?
7
What is the thousands digit of 13091?
3
What is the hundreds digit of 5714?
7
What is the ten thousands digit of 37113?
3
What is the thousands digit of 41983?
1
What is the tens digit of 23012?
1
What is the ten thousands digit of 23402?
2
What is the hundreds digit of 853?
8
What is the tens digit of 1663?
6
What is the hundreds digit of 117?
1
What is the tens digit of 4626?
2
What is the units digit of 1714?
4
What is the hundreds digit of 26233?
2
What is the ten thousands digit of 23931?
2
What is the hundred thousands digit of 135134?
1
What is the tens digit of 3838?
3
What is the hundreds digit of 780?
7
What is the thousands digit of 3030?
3
What is the units digit of 10856?
6
What is the tens digit of 791?
9
What is the units digit of 915?
5
What is the hundreds digit of 1588?
5
What is the units digit of 943?
3
What is the tens digit of 740?
4
What is the units digit of 57?
7
What is the hundreds digit of 15927?
9
What is the hundreds digit of 20437?
4
What is the tens digit of 20433?
3
What is the tens digit of 3806?
0
What is the tens digit of 6923?
2
What is the units digit of 8616?
6
What is the thousands digit of 1512?
1
What is the hundreds digit of 121?
1
What is the thousands digit of 2319?
2
What is the tens digit of 1044?
4
What is the thousands digit of 6275?
6
What is the ten thousands digit of 14610?
1
What is the thousands